{"id":959,"date":"2023-04-24T21:17:02","date_gmt":"2023-04-25T00:17:02","guid":{"rendered":"https:\/\/ifdcortazar-crr.infd.edu.ar\/sitio\/?page_id=959"},"modified":"2023-04-27T20:39:50","modified_gmt":"2023-04-27T23:39:50","slug":"programa-de-estudio","status":"publish","type":"page","link":"https:\/\/ifdcortazar-crr.infd.edu.ar\/sitio\/programa-de-estudio\/","title":{"rendered":"Plan de Estudio Hoteler\u00eda"},"content":{"rendered":"\n<p><strong>Tecnicatura Superior en Hoteler\u00eda<\/strong><\/p>\n\n\n\n<figure class=\"wp-block-table\"><table><tbody><tr><td><strong>PRIMER A\u00d1O<\/strong><\/td><td><\/td><td><\/td><td><\/td><\/tr><tr><td>Introducci\u00f3n a la Hoteler\u00eda<\/td><td><\/td><td><\/td><td>*<\/td><\/tr><tr><td>Servicios Tur\u00edsticos y Calidad de Atenci\u00f3n al Cliente<\/td><td><\/td><td><\/td><td>*<\/td><\/tr><tr><td>Administraci\u00f3n de Empresas<\/td><td><\/td><td><\/td><td>*<\/td><\/tr><tr><td>Portugu\u00e9s<\/td><td><\/td><td><\/td><td>*<\/td><\/tr><tr><td>Ingl\u00e9s I<\/td><td><\/td><td><\/td><td>*<\/td><\/tr><tr><td>Gesti\u00f3n de recursos humanos hoteleros<\/td><td>*<\/td><td><\/td><td><\/td><\/tr><tr><td>Introducci\u00f3n a los sistemas contables<\/td><td>*<\/td><td><\/td><td><\/td><\/tr><tr><td>Procesos pol\u00edticos y econ\u00f3micos del mundo actual<\/td><td><\/td><td>*<\/td><td><\/td><\/tr><tr><td>Legislaci\u00f3n hotelera<\/td><td><\/td><td>*<\/td><td><\/td><\/tr><tr><td><strong>SEGUNDO A\u00d1O<\/strong><\/td><td><\/td><td><\/td><td><\/td><\/tr><tr><td>Administraci\u00f3n y contabilidad hotelera<\/td><td><\/td><td><\/td><td>*<\/td><\/tr><tr><td>Organizaci\u00f3n hotelera: Recepci\u00f3n y conserjer\u00eda<\/td><td><\/td><td><\/td><td>*<\/td><\/tr><tr><td>Organizaci\u00f3n Hotelera: Pisos<\/td><td><\/td><td><\/td><td>*<\/td><\/tr><tr><td>Organizaci\u00f3n Hotelera: Alimentos y Bebidas<\/td><td><\/td><td><\/td><td>*<\/td><\/tr><tr><td>Ingl\u00e9s II<\/td><td><\/td><td><\/td><td>*<\/td><\/tr><tr><td>Organizaci\u00f3n Hotelera: Eventos<\/td><td>*<\/td><td><\/td><td><\/td><\/tr><tr><td>Organizaci\u00f3n Hotelera: Mantenimiento y Conservaci\u00f3n<\/td><td><\/td><td>*<\/td><td><\/td><\/tr><tr><td>Practica Profesional<\/td><td><\/td><td><\/td><td>*<\/td><\/tr><tr><td><strong>TERCER A\u00d1O<\/strong><\/td><td><\/td><td><\/td><td><\/td><\/tr><tr><td>Inform\u00e1tica Aplicada<\/td><td><\/td><td><\/td><td>*<\/td><\/tr><tr><td>Mercadotecnia Hotelera<\/td><td><\/td><td><\/td><td>*<\/td><\/tr><tr><td>Emprendimientos Hoteleros<\/td><td><\/td><td><\/td><td>*<\/td><\/tr><tr><td>Relaci\u00f3n Estado Sociedad<\/td><td>*<\/td><td><\/td><td><\/td><\/tr><tr><td>Identidad Diversidad y Desigualdades Socioculturales<\/td><td>*<\/td><td><\/td><td><\/td><\/tr><tr><td>Cultura y Comunicaci\u00f3n contempor\u00e1nea<\/td><td><\/td><td>*<\/td><td><\/td><\/tr><tr><td>Sistemas de Seguridad<br><br>Residencia<\/td><td><\/td><td>*<br><\/td><td><br><br>*<\/td><\/tr><\/tbody><\/table><\/figure>\n","protected":false},"excerpt":{"rendered":"<p>Tecnicatura Superior en Hoteler\u00eda PRIMER A\u00d1O Introducci\u00f3n a la Hoteler\u00eda * Servicios Tur\u00edsticos y Calidad de Atenci\u00f3n al Cliente * Administraci\u00f3n de Empresas * Portugu\u00e9s * Ingl\u00e9s I * Gesti\u00f3n de recursos humanos hoteleros * Introducci\u00f3n a los sistemas contables * Procesos pol\u00edticos y econ\u00f3micos del mundo actual * Legislaci\u00f3n hotelera * SEGUNDO A\u00d1O Administraci\u00f3n &#8230; <a title=\"Plan de Estudio Hoteler\u00eda\" class=\"read-more\" href=\"https:\/\/ifdcortazar-crr.infd.edu.ar\/sitio\/programa-de-estudio\/\" aria-label=\"More on Plan de Estudio Hoteler\u00eda\">[+]<\/a><\/p>\n","protected":false},"author":115,"featured_media":0,"parent":0,"menu_order":0,"comment_status":"closed","ping_status":"closed","template":"","meta":[],"acf":[],"_links":{"self":[{"href":"https:\/\/ifdcortazar-crr.infd.edu.ar\/sitio\/wp-json\/wp\/v2\/pages\/959"}],"collection":[{"href":"https:\/\/ifdcortazar-crr.infd.edu.ar\/sitio\/wp-json\/wp\/v2\/pages"}],"about":[{"href":"https:\/\/ifdcortazar-crr.infd.edu.ar\/sitio\/wp-json\/wp\/v2\/types\/page"}],"author":[{"embeddable":true,"href":"https:\/\/ifdcortazar-crr.infd.edu.ar\/sitio\/wp-json\/wp\/v2\/users\/115"}],"replies":[{"embeddable":true,"href":"https:\/\/ifdcortazar-crr.infd.edu.ar\/sitio\/wp-json\/wp\/v2\/comments?post=959"}],"version-history":[{"count":3,"href":"https:\/\/ifdcortazar-crr.infd.edu.ar\/sitio\/wp-json\/wp\/v2\/pages\/959\/revisions"}],"predecessor-version":[{"id":976,"href":"https:\/\/ifdcortazar-crr.infd.edu.ar\/sitio\/wp-json\/wp\/v2\/pages\/959\/revisions\/976"}],"wp:attachment":[{"href":"https:\/\/ifdcortazar-crr.infd.edu.ar\/sitio\/wp-json\/wp\/v2\/media?parent=959"}],"curies":[{"name":"wp","href":"https:\/\/api.w.org\/{rel}","templated":true}]}}